1 + 4/3*j**3 + u*j**2. What is y(-1)?
4
Let n(u) = 15*u**2 - u + 6. Let m(b) = 7*b**2 - b + 3. Let t(j) = -13*m(j) + 6*n(j). Suppose -o - 48 = -9*o. What is t(o)?
3
Let h(i) = -i**2 - i - 1. Let l be h(-3). Let z = -4 - l. Let a(p) = p - 2. Let j(b) = -b**2 - 4*b + 10. Let q(f) = 5*a(f) + j(f). What is q(z)?
-6
Suppose 35 = -2*y + 165. Let t = y - 62. Let b(i) = -4*i - 4. Determine b(t).
-16
Suppose 7*a = r + 3*a + 20, 5*a - 25 = 4*r. Let p(k) = r*k + 5*k - 3*k + 7. Determine p(-5).
-3
Let u(t) be the third derivative of 0 - 3/8*t**4 + 17*t**2 + 0*t + 1/6*t**3. Suppose -11 = 5*d - 4*y + 10, 0 = 5*y - 20. Give u(d).
10
Let n(v) = -37*v**2 + 61*v + 2. Let y(j) = 13*j**2 - 21*j - 1. Let h(k) = 6*n(k) + 17*y(k). Let r be (-42)/(-4)*(-4)/(-6). What is h(r)?
9
Let f(g) be the third derivative of g**6/120 + g**5/12 - g**4/12 + 5*g**2 + 8. Give f(-4).
24
Let y(z) = 2 + 8*z - 2*z**2 - 4*z + 4. Let v(o) = -4*o**2 + 9*o + 13. Suppose -2*p + 10 = -2*w - 10, 3*p = -3*w. Let s(n) = p*y(n) - 2*v(n). Calculate s(3).
-8
Let f(c) = -c**2 - 9*c + 2. Let g = 291 - 300. Calculate f(g).
2
Suppose 5*x = 0, 0 = -l - 2*l - 4*x. Let g(b) = 2*b**3 - b**2 + b + 3. Let m(p) = -p**3 + p**2 - p - 2. Let h(s) = 2*g(s) + 3*m(s). What is h(l)?
0
Let j(d) = 4*d + 15*d**2 + 7 - 1 + 4*d - 14*d**2 + 0*d. Determine j(-7).
-1
Suppose -50*w + 28 = -46*w. Suppose -8 = -p - 3*p. Suppose -p*o = -w*o. Let n(y) = -y - 3. Determine n(o).
-3
Let b(p) = 3*p**2 + 2*p - 2. Suppose -5*t + 141 = -314. Let j = t - 94. Give b(j).
19
Let u(g) = g**2 + g. Let d(x) = -2*x**2 - x + 28. Let j = 50 + -51. Let p(s) = j*u(s) - d(s). Determine p(0).
-28
Let t(b) = -5. Let s(d) = -d + 11. Let o(m) = 4*s(m) + 9*t(m). Let u(w) = w**2 - 2*w - 6. Let q be u(4). Calculate o(q).
-9
Let u(l) = -l**2 - 7*l + 7. Let x(g) = g**3 - 10*g**2 + 16*g - 6. Let m be x(8). Give u(m).
13
Let f(x) = 3*x - 4*x**2 + 269*x**3 - 268*x**3 + 3 + 8*x**2. What is f(-3)?
3
Let n(r) be the third derivative of -r**6/120 - r**5/6 - 3*r**4/8 - 5*r**3/6 + 78*r**2. Calculate n(-9).
-5
Let i(r) = -103*r - 612. Let v be i(-6). Let u(g) = -g**3 + 5*g**2 + 6*g + 8. Calculate u(v).
8
Let g(w) = -10*w**3 - w**2 - 2*w - 1. Suppose 3*q - 3*m = 9, 4*q = 7*m - 12*m - 24. What is g(q)?
10
Let c(p) = 7*p - 4. Let b(t) = -11*t + 4. Let u(a) = 3*b(a) + 4*c(a). Determine u(-8).
36
Let g(v) be the third derivative of -v**6/120 + v**5/20 - v**4/6 + v**3/3 + 3*v**2 + 5*v. What is g(3)?
-10
Suppose -2*k = -j + 4, 5*j + 3*k = -6 + 13. Let v(o) = 2*o**3 - 2*o + 1. Calculate v(j).
13
Let z(p) = -2*p**2 - 5*p - 3. Let w be -8 - -2 - 6/(-3). Calculate z(w).
-15
Let v(x) = -5*x**3 - 6*x**2 - 5*x + 1. Let m(f) = 4*f**3 + 6*f**2 + 4*f. Let a(b) = -4*m(b) - 3*v(b). Let g(w) = -w**2 + 5*w + 8. Let y be g(7). What is a(y)?
3
Let o(n) be the third derivative of -n**5/30 - n**4/8 + n**3/3 - 180*n**2. Suppose v - 1 - 1 = 0. Give o(v).
-12
Let k(m) = m + 1. Let n(s) = 11*s + s**2 - 3*s + 140 - 133. Let w(i) = 4*k(i) - n(i). Calculate w(-4).
-3
Suppose 0*d + 3*d - 7 = a, 11 = 3*d - 5*a. Suppose -d*x = 2*x - 8. Let s(i) = 2*i**2 + 3*i + 2. Let f(j) = j**2. Let k(g) = 3*f(g) - s(g). Give k(x).
-4
Let v(c) = -5*c**2 + 24*c + 13. Let m be v(5). Let g(i) = -i + 2. What is g(m)?
-6
Let z(y) = -y**3 + 19*y**2 - 20*y + 26. Suppose -4*s + 67 = x, 0 = -9*s + 8*s - 2*x + 8. What is z(s)?
-10
Let v(p) = p**2 - 5*p - 1. Let y(o) = -9*o + 88. Let x be y(9). What is v(x)?
13
Let c(w) = 5*w - 7 + 3*w - w - 3*w. Let o(j) = 7*j - 14. Let k(y) = -11*c(y) + 6*o(y). Calculate k(-7).
7
Let o(w) = w - 2. Let p = -48 - -35. Let n(m) = 2*m + 24. Let x be n(p). Calculate o(x).
-4
Let c(b) = -10*b**2 + 7*b + 1. Let p(r) = 13*r**2 - 9*r. Let t(h) = 4*c(h) + 3*p(h). What is t(3)?
-2
Suppose 0 = -x - 5*r + 8*r - 14, -x = -5*r + 22. Suppose 6*h = 4*h + 4. Let q(j) = 9*j - 9*j - h*j**2. Determine q(x).
-8
Let z be 4/14 + 390/(-91). Let i(g) = -g - 6. What is i(z)?
-2
Let c(a) = -4*a + 3. Let k = 8 - 6. Let g(b) = 2*b - 2. Let z be g(k). Suppose 7 + 2 = z*t + u, -5*u + 35 = 5*t. What is c(t)?
-5
Let z(n) be the second derivative of -1/20*n**5 + 5/12*n**4 - 1/6*n**3 + 0 - 5/2*n**2 + 8*n. Determine z(5).
-10
Let j(q) = q**2 - 9*q + 10. Let c be j(7). Let d be 1/((-3)/12*-2). Let a(z) = 3*z - 2*z**3 + 3*z**3 - 3*z**2 + z**2 + 6*z**d. What is a(c)?
-12
Let t(h) be the second derivative of h**5/20 - 7*h**4/6 + 7*h**3/3 - 17*h**2/2 + h - 31. What is t(13)?
-4
Let r(n) = -13*n - 1. Let w = -16 - -16. Suppose 2*x + 2 + 6 = 0, -5*x - 25 = 5*i. Let o = i + w. What is r(o)?
12
Let r be 1 + 0/1 - 0. Let l(a) = 4*a**2 - r + 2*a - 4 + 4 - a**3. Suppose -17*z + 13*z + 8 = 0. Calculate l(z).
11
Let n(b) = b**3 + 2 - 1 - 2*b**3 + 2*b. Suppose 0 = s - 5*r - 19 - 10, -4*s - 3*r - 22 = 0. Determine n(s).
0
Let j(q) be the third derivative of 1/3*q**3 - 1/8*q**4 + 0*q - 33*q**2 + 0. Calculate j(2).
-4
Suppose 2*r + 84 = 9*r. Suppose -r*c - 2 = -11*c. Let z(f) = -f**3 - 2*f**2. What is z(c)?
0
Suppose 10 = -2*u - 0. Let k(g) = -121*g + g**3 + 5*g**2 + 83 - 113*g - 76 - 119*g + 358*g. What is k(u)?
-18
Let x(v) = v**3 - v**2 - 2*v + 1. Let b = 64 + -161. Let g = 99 + b. What is x(g)?
1
Let y(d) = d + 12. Let l be ((-10)/8*2)/(7/28). Determine y(l).
2
Let m = 11 - 8. Suppose -m + 5 = -s. Let k(c) be the first derivative of c**4/4 + c**3/3 - c**2 - 2*c + 7. What is k(s)?
-2
Let v = 8 - 6. Let j(u) be the third derivative of -u**5/40 + u**4/8 + u**3 + u**2. Let n(a) be the first derivative of j(a). What is n(v)?
-3
Let s = -5 - -15. Let t = s + -8. Let o(y) = -y + 20 + t*y - 27. Calculate o(6).
-1
Let z(r) = 7*r**3 - 9*r**2 + r + 3. Let w(k) = 9*k**3 - 10*k**2 + k + 4. Let b(d) = 4*w(d) - 5*z(d). Suppose -x - 4*x - 40 = 0. Let v = 3 + x. Calculate b(v).
6
Let j(x) = -8*x**2 + 3 - x**3 - 15*x - 12*x + 17*x. Give j(-7).
24
Let t(d) = -4*d**2 - d - 1. Let x(s) = -26*s**2 - 2*s + 1. Let f(z) = 6*t(z) - x(z). Determine f(-5).
63
Let f(s) = 10*s**2 + 11*s**2 - 6*s + 0*s - 20*s**2 - 3. What is f(3)?
-12
Let c(a) be the first derivative of 2*a**3 - a - 159. Let h(z) = z - 4. Let i be h(4). Suppose i = 4*m + 3 + 1. Calculate c(m).
5
Let p(m) be the first derivative of -m**5/60 + m**4/12 + 7*m**3/3 - 10. Let j(l) be the third derivative of p(l). Let s = -3 - 2. Determine j(s).
12
Suppose -2*s + 35 = -f, -5*f - 45 = -3*s + 18. Suppose 4*p = -j + 2, 2*j - p + s = p. Let t(o) = 2*o - 3. Give t(j).
-15
Let x(c) = -c**2 + 5*c + 1. Let n be x(4). Let l(w) = n + 5*w + 0*w + 0*w - 4*w. Let p be 9/2*12/(-9). What is l(p)?
-1
Let b(c) = -5*c**3 + 17010*c**2 - 8505*c**2 - 5*c - 8508*c**2 - 1. What is b(-2)?
37
Suppose l = 2*m - 4*l + 40, -2*m - l - 16 = 0. Let w = m - -12. Let a = w - -3. Let h(o) = o**2 - 5*o - 1. What is h(a)?
-1
Let r(y) be the second derivative of y**3/6 - 11*y**2/2 + 32*y + 4. Determine r(5).
-6
Let m(k) = -1 - 4*k**2 - 5 - k**2 + k**3. Let c be ((-56)/(-35))/((-6)/15). Let v be (c/(-12) + (-1 - -1))*15. Give m(v).
-6
Let d(u) = u**3 + 6*u**2 + u + 2. Let j(a) = -a**3 - 5*a**2 + 4*a - 8. Let f be j(-6). Suppose f*v = 3*v + 14. Let q be (-63)/v + (-3)/2. What is d(q)?
-4
Let n(z) = -5*z**2 - 19*z + 4. Let w(t) = 3*t**2 + 10*t - 2. Let r(s) = -4*n(s) - 7*w(s). Suppose -249 = -5*u + 31. Suppose 7*k + 14 = u. Determine r(k).
-2
Let n(l) = l**3 + 3*l**2 - 4*l - 1. Let v be (0 - 1/(-1 - 0))/1. Let x be (3 + -9)/((v - -2) + -1). Determine n(x).
11
Let c(m) be the second derivative of -7/10*m**5 + 0 - 1/6*m**3 - 13*m - 1/12*m**4 + 1/2*m**2. Determine c(1).
-15
Let l(t) be the second derivative of -t**5/20 + t**4/4 - t**3/6 + t**2 + 2*t. Let s be ((176/24)/(-11))/(2/(-9)). Calculate l(s).
-1
Let j(r) = -r - 2. Let i(u) = u**3 - 7*u**2 + 9*u + 7. Let t be i(7). Let b be 60/14 + (-20)/t. Give j(b).
-6
Suppose -8*q - 322 = -242. Let w(g) = -2*g**2 - 12*g + 9. Calculate w(q).
-71
Let s(v) = 3*v**3 + v**2 + 4*v - 8. Let x(r) = -63*r**2 - 58*r**2 - r**3 - 2*r + 120*r**2 + 4. Let n(m) = -2*s(m) - 5*x(m). Give n(3).
2
Let b(q) be the second derivative of -q**4/12 - 106*q - 1. Let s(z) = -z + 1. Let g be s(1). What is b(g)?
0
Let w(v) = -23*v - 9. Let o be w(-6). Let j(r) = o - 5*r - 129. Determine j(3).
-15
Let f(v) be the second derivative of v**3/6 + 7*v**2/2 + 133*v. Calculate f(-8).
-1
Let l(m) = -m**2 + 7*m - 1. Suppose 0 = 10*x - 20*x + 7